{"id":36,"date":"2025-05-20T12:45:39","date_gmt":"2025-05-20T12:45:39","guid":{"rendered":"https:\/\/estrategiayconexion.com\/?page_id=36"},"modified":"2026-03-02T18:41:56","modified_gmt":"2026-03-02T18:41:56","slug":"empresarios","status":"publish","type":"page","link":"https:\/\/estrategiayconexion.com\/index.php\/empresarios\/","title":{"rendered":"Miembros"},"content":{"rendered":"<p>[et_pb_section fb_built=\u00bb1&#8243; _builder_version=\u00bb4.27.4&#8243; _module_preset=\u00bbdefault\u00bb background_color=\u00bb#2f4b4c\u00bb use_background_color_gradient=\u00bbon\u00bb background_color_gradient_stops=\u00bb#2f4b4c 0%|rgba(47,75,76,0.68) 100%\u00bb background_color_gradient_overlays_image=\u00bbon\u00bb background_image=\u00bbhttps:\/\/estrategiayconexion.com\/wp-content\/uploads\/2025\/05\/saludo_empresarios.jpg\u00bb custom_padding=\u00bb||110px|||\u00bb global_colors_info=\u00bb{}\u00bb][et_pb_row _builder_version=\u00bb4.27.4&#8243; _module_preset=\u00bbdefault\u00bb custom_padding=\u00bb103px|||||\u00bb global_colors_info=\u00bb{}\u00bb][et_pb_column type=\u00bb4_4&#8243; _builder_version=\u00bb4.27.4&#8243; _module_preset=\u00bbdefault\u00bb global_colors_info=\u00bb{}\u00bb][et_pb_image src=\u00bbhttps:\/\/estrategiayconexion.com\/wp-content\/uploads\/2025\/05\/logo_plata.png\u00bb title_text=\u00bblogo_plata\u00bb align=\u00bbcenter\u00bb _builder_version=\u00bb4.27.4&#8243; _module_preset=\u00bbdefault\u00bb width=\u00bb47%\u00bb global_colors_info=\u00bb{}\u00bb][\/et_pb_image][\/et_pb_column][\/et_pb_row][\/et_pb_section][et_pb_section fb_built=\u00bb1&#8243; _builder_version=\u00bb4.27.4&#8243; _module_preset=\u00bbdefault\u00bb background_color=\u00bb#eaeaea\u00bb global_colors_info=\u00bb{}\u00bb custom_padding=\u00bb5px|||||\u00bb][et_pb_row _builder_version=\u00bb4.27.4&#8243; _module_preset=\u00bbdefault\u00bb width=\u00bb100%\u00bb max_width=\u00bb1714px\u00bb global_colors_info=\u00bb{}\u00bb custom_padding=\u00bb0px|||||\u00bb custom_margin=\u00bb-11px|auto||auto||\u00bb][et_pb_column type=\u00bb4_4&#8243; _builder_version=\u00bb4.27.4&#8243; _module_preset=\u00bbdefault\u00bb global_colors_info=\u00bb{}\u00bb][et_pb_code _builder_version=\u00bb4.27.4&#8243; _module_preset=\u00bbdefault\u00bb custom_padding=\u00bb||1px|||\u00bb global_colors_info=\u00bb{}\u00bb]<iframe <!-- [et_pb_line_break_holder] -->        <!-- [et_pb_line_break_holder] --><!-- [et_pb_line_break_holder] -->  src=\u00bb\/sis\/public\/directory.php\u00bb <!-- [et_pb_line_break_holder] -->  id=\u00bbdirectorio-iframe\u00bb<!-- [et_pb_line_break_holder] -->  style=\u00bbwidth:100%; border:none; min-height:500px;\u00bb<!-- [et_pb_line_break_holder] -->  scrolling=\u00bbno\u00bb<!-- [et_pb_line_break_holder] -->><\/iframe><!-- [et_pb_line_break_holder] --><!-- [et_pb_line_break_holder] --><script><!-- [et_pb_line_break_holder] -->document.addEventListener('DOMContentLoaded', function() {<!-- [et_pb_line_break_holder] -->  const iframe = document.getElementById('directorio-iframe');<!-- [et_pb_line_break_holder] -->  <!-- [et_pb_line_break_holder] -->  function resizeIframe() {<!-- [et_pb_line_break_holder] -->    try {<!-- [et_pb_line_break_holder] -->      const bodyHeight = iframe.contentWindow.document.body.scrollHeight;<!-- [et_pb_line_break_holder] -->      iframe.style.height = Math.max(bodyHeight, 500) + 'px';<!-- [et_pb_line_break_holder] -->    } catch (e) {<!-- [et_pb_line_break_holder] -->      console.log('Error ajustando iframe:', e);<!-- [et_pb_line_break_holder] -->    }<!-- [et_pb_line_break_holder] -->  }<!-- [et_pb_line_break_holder] -->  <!-- [et_pb_line_break_holder] -->  iframe.onload = resizeIframe;<!-- [et_pb_line_break_holder] -->  <!-- [et_pb_line_break_holder] -->  \/\/ Redimensionar tambi\u00e9n al cambiar orientaci\u00f3n o tama\u00f1o<!-- [et_pb_line_break_holder] -->  window.addEventListener('resize', function() {<!-- [et_pb_line_break_holder] -->    setTimeout(resizeIframe, 200);<!-- [et_pb_line_break_holder] -->  });<!-- [et_pb_line_break_holder] -->});<!-- [et_pb_line_break_holder] --><\/script>[\/et_pb_code][\/et_pb_column][\/et_pb_row][\/et_pb_section]<\/p>\n","protected":false},"excerpt":{"rendered":"","protected":false},"author":1,"featured_media":117,"parent":0,"menu_order":0,"comment_status":"closed","ping_status":"closed","template":"","meta":{"_et_pb_use_builder":"on","_et_pb_old_content":"","_et_gb_content_width":"","footnotes":""},"class_list":["post-36","page","type-page","status-publish","has-post-thumbnail","hentry"],"_links":{"self":[{"href":"https:\/\/estrategiayconexion.com\/index.php\/wp-json\/wp\/v2\/pages\/36","targetHints":{"allow":["GET"]}}],"collection":[{"href":"https:\/\/estrategiayconexion.com\/index.php\/wp-json\/wp\/v2\/pages"}],"about":[{"href":"https:\/\/estrategiayconexion.com\/index.php\/wp-json\/wp\/v2\/types\/page"}],"author":[{"embeddable":true,"href":"https:\/\/estrategiayconexion.com\/index.php\/wp-json\/wp\/v2\/users\/1"}],"replies":[{"embeddable":true,"href":"https:\/\/estrategiayconexion.com\/index.php\/wp-json\/wp\/v2\/comments?post=36"}],"version-history":[{"count":30,"href":"https:\/\/estrategiayconexion.com\/index.php\/wp-json\/wp\/v2\/pages\/36\/revisions"}],"predecessor-version":[{"id":123,"href":"https:\/\/estrategiayconexion.com\/index.php\/wp-json\/wp\/v2\/pages\/36\/revisions\/123"}],"wp:featuredmedia":[{"embeddable":true,"href":"https:\/\/estrategiayconexion.com\/index.php\/wp-json\/wp\/v2\/media\/117"}],"wp:attachment":[{"href":"https:\/\/estrategiayconexion.com\/index.php\/wp-json\/wp\/v2\/media?parent=36"}],"curies":[{"name":"wp","href":"https:\/\/api.w.org\/{rel}","templated":true}]}}